{"id":21,"date":"2013-06-18T13:48:28","date_gmt":"2013-06-18T10:48:28","guid":{"rendered":"http:\/\/histria.geo.unibuc.ro\/?page_id=21"},"modified":"2017-07-24T14:49:55","modified_gmt":"2017-07-24T11:49:55","slug":"metodologia-cercetarii","status":"publish","type":"page","link":"https:\/\/histria.geo.unibuc.ro\/?page_id=21","title":{"rendered":"Metodologia cercet\u0103rii"},"content":{"rendered":"<div>\n<div><strong>Studiul de fa\u021b\u0103 integreaz\u0103 mijloace geomorfologice, sedimentologice \u0219i metode geocronologice \u00een ob\u021binerea unor date relevante privind evolu\u021bia \u021b\u0103rmului \u00een zona cet\u0103\u021bii.\u00a0 Pentru atingerea obiectivelor propuse au fost efectuate :<\/strong><\/div>\n<div><strong>\u2022 investiga\u021bii ale stratigrafiei principalelor unit\u0103\u021bi morfo-stratigrafice din zon\u0103 (c\u00e2mpul marin Saele, Chituc, lacurile Nunta\u0219i, Histria \u0219i Sinoe) \u0219i \u00een \u00eemprejurimile cet\u0103\u021bii prin efectuarea de carote;<\/strong><\/div>\n<div><strong>\u2022 datarea acestora prin metode absolute (Luminiscen\u021b\u0103 Stimulat\u0103 Optic \u0219i C14-AMS),<\/strong><\/div>\n<div><strong>\u2022 caracterizarea lor altitudinal\u0103 prin efectuarea de profile topografice transversale, \u00een vederea identific\u0103rii unor anomalii \u00een ritmicitatea altitudinal\u0103 a grindurilor \u015fi a depresiunilor dintre grinduri, aceste anomalii reprezent\u00eend poten\u021biali indicatori ai unor evenimente cu rol cheie \u00een dezvoltarea c\u00e2mpurilor marine din vecin\u0103tatea cet\u0103\u021bii Histria.<\/strong><\/div>\n<div><\/div>\n<div><strong><a href=\"http:\/\/histria.geo.unibuc.ro\/wp-content\/uploads\/2013\/06\/Picture1.jpg\"><img loading=\"lazy\" decoding=\"async\" class=\"alignnone size-medium wp-image-47\" alt=\"Picture1\" src=\"http:\/\/histria.geo.unibuc.ro\/wp-content\/uploads\/2013\/06\/Picture1-300x225.jpg\" width=\"378\" height=\"283\" srcset=\"https:\/\/histria.geo.unibuc.ro\/wp-content\/uploads\/2013\/06\/Picture1-300x225.jpg 300w, https:\/\/histria.geo.unibuc.ro\/wp-content\/uploads\/2013\/06\/Picture1.jpg 583w\" sizes=\"auto, (max-width: 378px) 100vw, 378px\" \/><\/a><\/strong><strong><a href=\"http:\/\/histria.geo.unibuc.ro\/wp-content\/uploads\/2013\/06\/Picture3.jpg\"><img loading=\"lazy\" decoding=\"async\" class=\"alignnone size-medium wp-image-49\" alt=\"Picture3\" src=\"http:\/\/histria.geo.unibuc.ro\/wp-content\/uploads\/2013\/06\/Picture3-229x300.jpg\" width=\"229\" height=\"300\" srcset=\"https:\/\/histria.geo.unibuc.ro\/wp-content\/uploads\/2013\/06\/Picture3-229x300.jpg 229w, https:\/\/histria.geo.unibuc.ro\/wp-content\/uploads\/2013\/06\/Picture3.jpg 294w\" sizes=\"auto, (max-width: 229px) 100vw, 229px\" \/><\/a><\/strong><strong><a href=\"http:\/\/histria.geo.unibuc.ro\/wp-content\/uploads\/2013\/06\/Picture2.jpg\"><img loading=\"lazy\" decoding=\"async\" class=\"alignnone size-medium wp-image-50\" alt=\"Picture2\" src=\"http:\/\/histria.geo.unibuc.ro\/wp-content\/uploads\/2013\/06\/Picture2-300x224.jpg\" width=\"300\" height=\"224\" srcset=\"https:\/\/histria.geo.unibuc.ro\/wp-content\/uploads\/2013\/06\/Picture2-300x224.jpg 300w, https:\/\/histria.geo.unibuc.ro\/wp-content\/uploads\/2013\/06\/Picture2.jpg 507w\" sizes=\"auto, (max-width: 300px) 100vw, 300px\" \/><\/a><\/strong><strong><br \/>\n<\/strong><\/div>\n<\/div>\n","protected":false},"excerpt":{"rendered":"<p>Studiul de fa\u021b\u0103 integreaz\u0103 mijloace geomorfologice, sedimentologice \u0219i metode geocronologice \u00een ob\u021binerea unor date relevante privind evolu\u021bia \u021b\u0103rmului \u00een zona cet\u0103\u021bii.\u00a0 Pentru atingerea obiectivelor propuse au fost efectuate : \u2022 investiga\u021bii ale stratigrafiei principalelor unit\u0103\u021bi morfo-stratigrafice din zon\u0103 (c\u00e2mpul marin Saele, Chituc, lacurile Nunta\u0219i, Histria \u0219i Sinoe) \u0219i \u00een \u00eemprejurimile cet\u0103\u021bii prin efectuarea de carote; [&hellip;]<\/p>\n","protected":false},"author":1,"featured_media":0,"parent":0,"menu_order":4,"comment_status":"open","ping_status":"open","template":"","meta":{"footnotes":""},"class_list":["post-21","page","type-page","status-publish","hentry"],"_links":{"self":[{"href":"https:\/\/histria.geo.unibuc.ro\/index.php?rest_route=\/wp\/v2\/pages\/21","targetHints":{"allow":["GET"]}}],"collection":[{"href":"https:\/\/histria.geo.unibuc.ro\/index.php?rest_route=\/wp\/v2\/pages"}],"about":[{"href":"https:\/\/histria.geo.unibuc.ro\/index.php?rest_route=\/wp\/v2\/types\/page"}],"author":[{"embeddable":true,"href":"https:\/\/histria.geo.unibuc.ro\/index.php?rest_route=\/wp\/v2\/users\/1"}],"replies":[{"embeddable":true,"href":"https:\/\/histria.geo.unibuc.ro\/index.php?rest_route=%2Fwp%2Fv2%2Fcomments&post=21"}],"version-history":[{"count":0,"href":"https:\/\/histria.geo.unibuc.ro\/index.php?rest_route=\/wp\/v2\/pages\/21\/revisions"}],"wp:attachment":[{"href":"https:\/\/histria.geo.unibuc.ro\/index.php?rest_route=%2Fwp%2Fv2%2Fmedia&parent=21"}],"curies":[{"name":"wp","href":"https:\/\/api.w.org\/{rel}","templated":true}]}}